x**3 + 3*x**2 - 2. Calculate z(c).
2
Let h(s) be the third derivative of -s**2 + 1/60*s**5 - 2/3*s**3 + 0 - 1/6*s**4 + 0*s. Suppose -5*t + 11 = -14. Calculate h(t).
1
Let y(g) be the third derivative of g**8/3360 - g**7/1260 - g**6/720 - g**5/60 - g**4/24 + 3*g**2. Let w(r) be the second derivative of y(r). Calculate w(2).
4
Let a(f) = f**2 + 6. Let y be ((-6)/2)/(-1) + -1. Suppose 0 = -11*l + 12*l - 5. Suppose 0 = y*r - l*r. Give a(r).
6
Let t(p) be the third derivative of -p**6/120 - 13*p**5/60 - 13*p**4/24 - 5*p**3/6 + 2*p**2 + 6. Give t(-12).
7
Suppose 4*a + 20 = -5*h, 0 = -3*h - 2*a + 4*a - 34. Let x(s) = s**3 + 9*s**2 + 10*s + 12. Determine x(h).
-4
Let l(t) = 3*t - 2. Let c(y) = -y + 1. Let u(o) = -4*c(o) - 2*l(o). Let d = 21 + -16. Suppose -d*h + b = -5, -b + 4 = 2*h - 5. Give u(h).
-4
Let z(l) = 1114*l + 1 - 3*l**2 - 1111*l + 2. Calculate z(3).
-15
Suppose -2*u = -3*t - 3*u - 8, 4*u - 19 = 5*t. Let w(x) = -3*x**2 + 8*x + 6. Let d(s) = -2*s**2 + 4*s + 3. Let g(a) = t*w(a) + 5*d(a). Give g(-2).
1
Let d(w) = -9*w**3 + 13*w**2 + 7*w - 1. Let v(p) = 4*p**3 - 6*p**2 - 3*p. Let b(l) = 3*d(l) + 7*v(l). What is b(3)?
-3
Let k(u) = -5*u**3 - 7*u**3 - 5 - 3*u**3 + 5*u**2 + 2*u + 14*u**3 + 0*u. Let d = -9 + 24. Let f = d + -10. Determine k(f).
5
Suppose v = -3*q - 10, -14*v + 19*v + 18 = q. Let x(o) = o**2 + o. Calculate x(v).
12
Let f(j) = -j**2 - 4*j + 3. Let u = -8 - -4. Let y be f(u). Let a(m) = -2*m**3 + m**3 + 1 + 2*m**y + m - 5*m**2. Determine a(2).
-9
Let r(h) = -h**2 - 5*h + 6. Let u be r(-6). Let p(n) = 27*n + 25*n - 51*n - 10 + 3. Calculate p(u).
-7
Let p = 35 + -41. Let u(f) = 2*f**2 - 9*f + 1. Let s(k) = -k**2 + k. Let h(r) = 3*s(r) + u(r). Determine h(p).
1
Let u(o) = o + 144 - 142 - 3*o. Calculate u(-3).
8
Let m(t) = -t**3 + 2*t**2 - 4*t + 4. Let x be m(2). Let w(p) = p**3 + 6*p**2 + 5*p + 4. What is w(x)?
16
Suppose q - 5*j = -j + 10, 4*j = -12. Let u(z) = -3*z**3 - 2*z**2 + z - 1. What is u(q)?
13
Let h = 3 - 4. Let b(y) be the first derivative of -11*y**3/3 + y + 61. Determine b(h).
-10
Let g(n) = 6*n**3 - 3*n**2 + n + 3. Let b(k) = -5*k**3 + 2*k**2 - k - 2. Let q(u) = -3*b(u) - 2*g(u). What is q(-1)?
-4
Let w(a) = a - 1. Suppose 20 = 2*f - 0*f. Suppose -3*q - 2*x = -18, -q - 2*x = -5*q + f. Give w(q).
3
Suppose -3*w - 6 = -4*w. Let m(q) = q**3 - 7*q**2 + 7*q - 9. Determine m(w).
-3
Let j(v) = v**2 - 6*v - 1. Let b(x) = -x**2 + 7*x + 1. Let r(d) = 3*b(d) + 4*j(d). Determine r(3).
-1
Let t(y) = -5*y**3 + 29*y**2 - 21*y - 1. Let z(v) = -v**3 + 7*v**2 - 5*v. Let u(m) = 2*t(m) - 9*z(m). Calculate u(-6).
16
Let v(q) = q**2 - 4*q - 4. Let c(u) = 2*u**2 - 7*u - 9. Let n(i) = -2*c(i) + 5*v(i). Determine n(6).
-2
Let j(w) = w - 4. Suppose 0 = 2*l + l - r - 11, l + 3 = 2*r. Suppose 8 = -f + l*f. Let c(y) = -1. Let n(v) = f*c(v) - 2*j(v). What is n(6)?
-6
Let d(q) = 16*q**2 + 3*q - 3. Let x(f) = 5*f**2 + f - 1. Let v(a) = -3*d(a) + 8*x(a). Let c(g) = -3*g - 41. Let j be c(-14). Calculate v(j).
-8
Let n(u) be the third derivative of u**5/60 - u**4/12 - u**3/6 - 6*u**2. Let g be n(3). Let j(k) = -3*k - 2. Determine j(g).
-8
Let j(s) = -s**3 - 3*s**2 - s + 2. Suppose 4*k - 4 = 4. Suppose 7*y = k*y. Suppose 2 = 3*o + 4*n - y, -n = -o - 4. Determine j(o).
0
Let g(z) be the second derivative of -z**5/20 + z**4/3 + 3*z**2/2 - 34*z. Let h = 3 - -1. Determine g(h).
3
Let l(w) = -5*w**2 - 4*w + 9. Let n(z) = -11*z**2 - 8*z + 19. Suppose -3*v = v + 24. Let o(t) = v*n(t) + 13*l(t). Let s = -3 - -5. Calculate o(s).
-1
Let o(h) = 0*h**2 + 6*h**2 - 8*h**2 - 7*h. Determine o(-5).
-15
Let d(w) = -w**2 - 5*w + 3. Suppose 0*i = -4*i + 2*k - 24, -3*i = -4*k + 23. Let b be d(i). Let n(j) = 2*j + j**2 - j**b + j - 3*j**2 + 3. What is n(-3)?
3
Let b(d) = d**3 - 8*d**2 + 6*d + 5. Suppose 4*j + 12 = 6*j. Suppose -6*y + 4*y - q = -12, j = -3*q. Determine b(y).
-2
Let x(d) = -59*d**2 + 35*d**2 + 3 - d**3 + 20*d**2. Determine x(-4).
3
Let b(l) = l**2 + 7*l + 6. Let h = 0 - 0. Let o be 60/24 - (-1)/(-2). Suppose h = 3*x - o*z + 25, 0 = 3*x + 5*z - 4*z + 19. Calculate b(x).
6
Suppose 2*n = 5*w - 82, -5*w = -2*w - n - 49. Let d be 4/w - (-21)/(-4). Let m(h) = -h**2 - 7*h - 7. What is m(d)?
3
Let d be 4/(-22) - (-124)/(-44). Let s(n) = -2*n + 2. Determine s(d).
8
Let c(o) be the third derivative of -o**3/6 + 2*o**2. Let z(x) = x**3 - x**2 - 2*x - 5. Let p(v) = -5*c(v) + z(v). What is p(2)?
0
Suppose -3*h - 5*l = 7, 0 = -2*h - 5*l - 6 - 2. Let j(a) = 19*a**3 - a**2 + 2*a - 1. Give j(h).
19
Suppose -1 = 3*p - 34. Suppose 3*g - 2*u - p = 0, 3*g + 3*u - 8 = 13. Let i(k) = 3*k - 5*k + 1 - g*k**3 + 0. What is i(1)?
-6
Let a(i) = 4*i**2 + 2*i - 1. Suppose -f + 2*f = -4*w - 5, 4*w - f + 11 = 0. Give a(w).
11
Let a(v) = v + 1. Let j(h) = h**2 - h + 1. Let f be j(0). Let x be f*(4/(-1) + 1). Give a(x).
-2
Let x(y) = y**2 - 3*y - 7. Let u be x(5). Suppose -u*i + 2 + 1 = 0. Let h(n) = -6*n**3 - 2*n**2 + 1. Determine h(i).
-7
Let h(q) = q + 4. Let j be h(-7). Let y be (-2 - j)/(7/28). Let f(m) = 3*m - 4. Calculate f(y).
8
Let y(s) = -5*s - 5. Let p = 20 - 22. Let x(h) = 0 - 2 - 2 - 6*h. Let d(v) = p*x(v) + 3*y(v). Give d(-5).
8
Let u = 9 + -15. Let p(z) = -z + 2. Calculate p(u).
8
Let v be 14 - (6/2 - 1). Let b be (2/6)/((-4)/v). Let i(l) = -3*l**2 + 2*l + 1. What is i(b)?
-4
Let b = 23 + -27. Let k(m) = -m**3 - 3*m**2 + 5*m. Give k(b).
-4
Suppose 12 = w + 3*h, 3*h - 6 = -3*w + 6. Let j = -3 - w. Let c(v) be the second derivative of -v**3/3 - 2*v**2 + 2*v. Give c(j).
2
Let g(k) = 5*k**3 - 17*k**2 + 12*k - 14. Let v(m) = -3*m**3 + 9*m**2 - 6*m + 7. Let d(o) = -4*g(o) - 7*v(o). Determine d(-6).
7
Let x(u) be the third derivative of u**5/60 - u**4/4 + 2*u**3/3 - 2*u**2. Let d = -118 + 122. Give x(d).
-4
Let j(v) = v - 4. Let d be 10 + 3 + (2 - 8). Give j(d).
3
Let v(l) = -l**3 + 4*l**2 - 5*l + 7. Let n be v(3). Let h(d) = -30*d**3. Give h(n).
-30
Let l(s) = -s**3 + 2*s**2 - s + 1. Suppose 15*n + 4 = 17*n. Determine l(n).
-1
Let w(o) = 12 - 32 + o + 8 + 18. What is w(0)?
6
Let p(n) = n**2 - 1. Let f be 9/18 - (-1)/2. Give p(f).
0
Let a(n) be the third derivative of -n**4/12 + n**3/3 + 2*n**2. Let i = 14 - 24. Let w(b) = -b**2 - 9*b + 8. Let m be w(i). Determine a(m).
6
Let o(j) = 3*j - 3. Suppose 5*t + t - 12 = 0. What is o(t)?
3
Let r(j) = -j**3 + 7*j**2 - 6*j - 1. Suppose 5*b = 0, -5*b = 2*a + 2*a - 24. What is r(a)?
-1
Let h(r) = -r**2 - 9*r - 8. Let q be 6*(4/(-8) - 1). Let t(j) = 2*j + 12. Let n be t(q). Calculate h(n).
10
Let m(q) be the first derivative of q**6/360 + 2*q**3/3 + 1. Let a(u) be the third derivative of m(u). What is a(-2)?
4
Let g = -27 + 32. Let q(s) = -3*s - 6. Let m be (0 - -3)/((-2)/(-6)). Let f(z) = 13*z + 25. Let y(j) = m*q(j) + 2*f(j). Calculate y(g).
-9
Let q(z) = -4*z**2 - 1 - z + z. Determine q(-1).
-5
Let u(t) = t**2 + 4*t + 6. Let y be u(-5). Suppose -5*c = y + 9. Let i(p) = -p**2 - 4*p - 4. Calculate i(c).
-4
Let z(y) = -y - 31. Let b be z(-25). Let r(j) = -j**3 - 6*j**2 - 3*j - 6. Calculate r(b).
12
Let j(m) be the first derivative of -m**4/12 + 5*m**2/2 - 5. Let w(z) be the second derivative of j(z). Give w(2).
-4
Let f(a) be the second derivative of 2*a - 1/20*a**5 + 1/4*a**4 + 0*a**2 + 1/2*a**3 + 0. What is f(-2)?
14
Let c(r) = -9*r**3 + 15*r**2 + 9*r - 10. Suppose 4*h + 21 = h. Let o(v) = 4*v**3 - 7*v**2 - 4*v + 5. Let y(p) = h*o(p) - 3*c(p). What is y(4)?
-1
Let t(c) be the third derivative of -c**6/360 - c**5/120 - c**4/8 + 6*c**2. Let a(k) be the second derivative of t(k). Calculate a(-2).
3
Let k(a) = -8*a**2 + 2*a + 5. Let r(d) = -1. Let j(y) = k(y) + 6*r(y). Suppose -2*c - 8 = -2*i, -i + 10 = 5*c - 0*c. Calculate j(c).
-7
Let p(h) be the second derivative of 0 - 2/3*h**3 + 1/12*h**4 + h + 1/2*h**2. Calculate p(6).
13
Let l(h) = h**3 + 12*h**2 - 14*h - 17. Let d be l(-13). Let z(k) = k**3 - 2*k**2 + 3*k. Let y be z(2). Let m(b) = 2*b - y*b + b. Determine m(d).
12
Let h(p) = 5*p - 3. Suppose -a = -3*a + 6. What is h(a)?
12
Let d(k) = -5*k**3 - 9*k**2 + 5*k + 7. Let h(s) = -14*s**3 - 26*s**2 + 14*s + 20. Let w(a) = -17*d(a) + 6*h(a). What is w(3)?
-2
Suppose 0 - 15 = -3*z, y + 3*z - 17 = 0. Suppose -2*p - g = -2, y*p + 5 = 2*g + 1. Let m(w) = -w**3 - w**2 + 3. What is m(p)?
3
Let s(j) be the second derivative of j**4/12 - 2*j**3 + 3*j**2 - j